/(-4)*2*-21. Let m = -14 - f. What are the prime factors of m?
7
What are the prime factors of ((-504)/70)/(4/(-10))?
2, 3
What are the prime factors of -3 + 3 - 6 - -158?
2, 19
Suppose 4*r = -n + 182, -6*r + 3*r + 582 = 3*n. List the prime factors of n.
2, 3, 11
Let t = 29 - 20. What are the prime factors of t?
3
Suppose 4*b = 5*p + 22, -2*b - 2*p + 14 + 6 = 0. Suppose -b = -d + 6. Let w = -9 + d. List the prime factors of w.
5
Let w = -6 - -10. Suppose t + w = 0, -32 = -5*x + 4*t + 79. List the prime factors of x.
19
Suppose 0 = 3*v + 15, 2*w - 274 = 4*v + 542. What are the prime factors of w?
2, 199
Suppose 4*u = 4*p + 100, 5*u + p - 2*p - 109 = 0. List the prime factors of u.
3, 7
List the prime factors of 718/14 + (-12)/42.
3, 17
Suppose -y = 0, 3*y = -5*q - y + 40. Let w = q + 11. What are the prime factors of w?
19
Suppose -g - 115 = -2*g. Suppose -37 + g = 2*l. List the prime factors of l.
3, 13
Let y(c) = -22*c - 4. Let h(z) = -z + 1. Let l(g) = -3*h(g) - y(g). List the prime factors of l(1).
2, 13
Let c = -1 + -1. Let k(h) = -6*h + 2. What are the prime factors of k(c)?
2, 7
Suppose -4*v + 15 = -29. List the prime factors of v.
11
What are the prime factors of (-3)/4 + 525/12?
43
Suppose 2*n = 4*l + 286, -6*n + n - 2*l = -655. What are the prime factors of n?
7, 19
Suppose 3*a = -2*a. Suppose 8 = -a*s + 2*s. Suppose w = s*g - 35 - 43, -4*g = -5*w - 86. List the prime factors of g.
19
Let l(w) = w**2 - w - 3. Let n be l(3). Suppose 6*c + 9 = 7*c. Let z = c - n. List the prime factors of z.
2, 3
Suppose -4*o + 3*o = 3*w + 5, -2*w = 6. List the prime factors of o/(-10) + 108/20.
5
Suppose c - 6 = -5*m, -4*c - 4*m = -0*c + 40. List the prime factors of (c/(-4))/(2/4).
7
Let z(w) = -5*w**3 - w**2 + w + 3. What are the prime factors of z(-2)?
37
List the prime factors of (-2 + -33)*((-32)/5 - -5).
7
Let z be (-125)/(-3*1 - -2). Let u be 2/3 - z/(-15). Suppose 0 = 2*r - 33 + u. List the prime factors of r.
2, 3
Let i(l) be the first derivative of -l**4/4 + 16*l - 3. What are the prime factors of i(0)?
2
Let j = 14 + 32. List the prime factors of j.
2, 23
Suppose 0 = -3*x - 2*n + 14, x + 4*n - 10 - 8 = 0. Suppose -3*b = 5*c + 7, -3*c + 5*b = x*b - 15. List the prime factors of -2 + 9 + 0 - c.
2, 3
Let a(r) = -r + 6. List the prime factors of a(-7).
13
List the prime factors of (0 - 1)*(-8 - 220).
2, 3, 19
Let d(k) = -43*k - 60. What are the prime factors of d(-6)?
2, 3, 11
Suppose g = -2, -3*m + 24 = m + 4*g. Let n(o) = -o**2 + 8*o + 3. List the prime factors of n(m).
3
Let j(h) = -2*h**2 - 7*h - 5. Let v be j(-5). Let c(r) = -3*r + 1. Let q be c(2). Let l = q - v. What are the prime factors of l?
3, 5
Suppose 4*p - 11 = 4*t - 1183, p = -4*t + 1147. List the prime factors of t.
2, 3
Suppose -507 = -7*p + 46. List the prime factors of p.
79
Let g be -6*(4 - (-4 + 7)). Suppose -x + 0 = 1. What are the prime factors of -33*((-4)/g)/x?
2, 11
Let s(v) = 91*v - 1. List the prime factors of s(1).
2, 3, 5
Let a = 8 + -5. Suppose -a*y + 2*y + 5 = 0. Suppose -19 = n + 5*r, y*n - 5*r = 25 + 30. List the prime factors of n.
2, 3
Let j be (48/18)/((-1)/(-12)). Let u = j + -22. List the prime factors of u.
2, 5
Let a be ((-2)/(-5))/(4/(-20)). Let w be a + (-4)/(0 - 1). Suppose -2*n = 5*u + w*n - 4, -12 = -u + 2*n. List the prime factors of u.
2
Let v(n) = n**2 - 4*n - 1. Let r(d) = 2*d**2 - 5*d - 2. Let j(z) = 2*r(z) - 3*v(z). Let l be (-4)/14 - (-33)/(-7). List the prime factors of j(l).
2, 7
Let o be 14/6*(-18)/(-6). Suppose -n + 18 = -o. What are the prime factors of n?
5
Let t be 2/(-2)*17/(-1). Let a = 26 + t. List the prime factors of a.
43
Let p(t) = -106*t - 110*t - t**2 + 211*t. Let l = 4 - 7. What are the prime factors of p(l)?
2, 3
Suppose -3*x + 0*x = -27. Suppose 0 = z - 15 - 6. Suppose z = 2*r + y, 2*r - x = r + y. List the prime factors of r.
2, 5
Let a(j) = -j**2 - 4*j + 8. Suppose 5*x - 55 = 5*t, 3*t = -3*x + x - 8. Let w be a(t). Let l(b) = -b - 2. List the prime factors of l(w).
2
List the prime factors of (12 - 3)*14/6.
3, 7
Let j(b) = -3*b - 3. Let o be (-6)/18 + 14/6. Suppose o*q = q - 3. List the prime factors of j(q).
2, 3
Suppose 546 = z - 4*z - 3*w, 5*z = -4*w - 906. Let a be z/(-14) + (-12)/(-42). Let s = a - 3. List the prime factors of s.
2, 5
Suppose -2*o + 465 + 51 = 0. List the prime factors of o.
2, 3, 43
Let c be -1 + (2 - 1)*1. Let v(k) = k**3 + 12. What are the prime factors of v(c)?
2, 3
Let b be ((-1)/4)/(5/(-60)). What are the prime factors of 791/28 + b/4?
29
Suppose -s - 18 = -2*s. Let m = s - 8. What are the prime factors of m?
2, 5
Suppose 0 + 9 = 3*x. Suppose 0 = x*f - f - 4. Suppose 0 = -2*n + f + 18. What are the prime factors of n?
2, 5
Let b = 9 - 7. Suppose 2*i = -b*i - 5*g + 79, -g = -5*i + 106. List the prime factors of i.
3, 7
Let f(v) = -1. Let g(u) = u**3 + 11*u**2 - 9. Let b(y) = -4*f(y) - g(y). Let p = -25 + 14. List the prime factors of b(p).
13
Suppose 2*p = 2*u - 2, 4*p + 5*u - 38 = -6. Suppose 5*k - p*k - 7 = -z, -k = 2*z - 5. What are the prime factors of k?
3
Suppose -19 + 7 = -3*v, -3*r - 2 = 4*v. Let z be (-56)/r + 10/15. Let p = z - 4. List the prime factors of p.
2, 3
Suppose -3*s = -2*j + 63, -5*s + 2*j - 128 = -23. Let l be 1/1 - (0 - s). Let t = 32 + l. What are the prime factors of t?
2, 3
Let n(u) = u**2 - 10. List the prime factors of n(5).
3, 5
Let i(c) = 6*c**2 - c + 1. Let o be i(1). Suppose -o*n + 4*n + 20 = 0. List the prime factors of n.
2, 5
Let a(g) = 2*g**2 - 16*g - 3. What are the prime factors of a(11)?
3, 7
Let v = -2 + 3. Let f be 0 + 7 + (3 - v). Suppose -2*s - 6 = 0, 7*s - 2*s - f = -2*i. What are the prime factors of i?
2, 3
Let w(c) = 2*c - 1. Let q be w(1). Let p(t) = 11*t**2 - t. List the prime factors of p(q).
2, 5
Suppose -7*h + 10 = -2*h. Suppose 0 = h*b - 1 - 15. What are the prime factors of b?
2
Let z = -46 + 88. Suppose 38 = 5*a + 2*x - 4*x, -5*a + 3*x = -z. What are the prime factors of a/(-4) + (-30)/(-4)?
2, 3
Suppose 2*l + 12 = 5*g + 5*l, 0 = g + 3*l. Suppose -2*s = c - 23 - 16, -5*s = -g*c - 125. List the prime factors of s.
2, 11
Suppose 5*i - 2*n - 342 = 0, 3*i - 218 = -5*n + 3*n. What are the prime factors of i?
2, 5, 7
Suppose -j = -121 - 46. List the prime factors of j.
167
What are the prime factors of ((-315)/(-6))/((-6)/(-5))*4?
5, 7
Let s be (-3 - -2)/(-1)*2. Suppose s*y - 35 = -5. List the prime factors of y.
3, 5
Let t(l) = 21*l + 24. What are the prime factors of t(12)?
2, 3, 23
Let p = 19 - 19. Suppose p = 3*v + 4*a - 81, 0 = -0*a + a. List the prime factors of v.
3
Let s(h) = -h**3 + 9*h**2 - 9*h + 11. Let n be s(8). Let k be ((-12)/(-14))/(n/(-21)). Let c = 3 - k. What are the prime factors of c?
3
Let z = 252 - 168. What are the prime factors of z?
2, 3, 7
Suppose -37*v + 42*v = 10. List the prime factors of v.
2
Suppose 4*p - 3*p = 0. Suppose -3*k = -p*k - 96. List the prime factors of k.
2
Suppose -4*a - 2 = -98. Suppose 0*s - s = -3*d - 16, 0 = 4*d - 2*s + a. Let p(j) = -j**2 - 7*j - 5. What are the prime factors of p(d)?
7
Suppose 2*f - 6*f = 0. Suppose a + 2*u = f, 2*u = -2*u - 16. Let p = 0 + a. List the prime factors of p.
2
Let z(m) = m**2 - 3*m - 3. List the prime factors of z(-3).
3, 5
Suppose 2*n - 3*a = 6*n - 86, -2*n + 50 = -2*a. Suppose -2*j - 5*w = -1 - 18, -2*j + n = w. What are the prime factors of j?
2, 3
What are the prime factors of ((-4)/(-8))/(1/258)?
3, 43
Suppose 0 = -3*d + 3, -5*l - 5*d + 5 = 0. What are the prime factors of (0 - l) + (-5 - -36)?
31
Suppose -2*k + 6 = 2*d - 40, -2*d + 73 = 3*k. Let v = 19 + k. List the prime factors of v.
2, 23
Let b be (-4 - -1)*2/3. Let i be 3/(b - (-93)/42). Suppose -3*v + 10 = -i. What are the prime factors of v?
2
Suppose f = -5*v + 85, -5*f - 69 = -3*v - 2*f. What are the prime factors of v?
2, 3
Suppose 6*q - 325 = -7*q. What are the prime factors of q?
5
Suppose 3*r = 72 + 126. What are the prime factors of r?
2, 3, 11
Let x = -19 + 52. Suppose x = 5*l + 13. List the prime factors of l.
2
Let o(n) = -4*n**3 - n**2 + 14. Let k(a) = 5*a**3 + a**2 - 14. Let s(u) = 5*k(u) + 6*o(u). List the prime factors of s(0).
2, 7
Suppose 3*z + 168 = 11*z. What are the prime factors of z?
3, 7
Suppose 4*l - 50 = -0*c - 2*c, c = -3*l + 22. What are the prime factors of c?
31
Let j(h) =